- 8*q = -445. List the prime factors of q.
89
Let l = -13 - -22. Let u = l - 6. List the prime factors of u.
3
Let j be 30/(-6)*(1 + -42). Let p = j + -120. Suppose -o - 4*o = -p. List the prime factors of o.
17
Let h = -2 + 6. Suppose -h*y - 4*q = -20, 2*y + q - 10 = 5*q. List the prime factors of y.
5
Let r(i) = i**2 - 11*i + 3. What are the prime factors of r(13)?
29
Suppose -s + 9 = -4*s. Let v be 0/((-6)/(0 - s)). Suppose -2*l + l + 21 = v. List the prime factors of l.
3, 7
Suppose 3*n + p - 48 = 6*p, 0 = 5*n + 2*p - 49. Suppose -56 + n = -3*v. List the prime factors of 2/4 + v/2.
2
Let w(x) = x**3 + 2*x**2 - x. Let s be w(-2). Suppose 0 = o + s, -o - 24 = -3*u + 2*o. Let r(k) = -k**2 + 6*k + 3. List the prime factors of r(u).
3
Let h(d) = d + 1. Let v be h(3). Suppose -k - b + 42 = -3*b, v*b - 60 = -2*k. What are the prime factors of k?
2, 3
Suppose 4*u = 5*n - 30, n + 65 = 5*n + 5*u. Let c(k) = k**3 - 9*k**2 - 9*k + 10. List the prime factors of c(n).
2, 5
Let v(f) = -f**3 - 9*f**2 - 14*f + 4. What are the prime factors of v(-8)?
2, 13
Let c(g) be the first derivative of -3*g**4 - g**2/2 + 2. Let l = 37 + -38. List the prime factors of c(l).
13
Let x be 2*1/4*2. Let z(o) = 20*o - 7 - 5*o + 6. List the prime factors of z(x).
2, 7
Let y = 28 + 15. Suppose i + y = 2*m, -2*m = -4*m + 2*i + 46. Suppose -m = -3*w + 22. List the prime factors of w.
2, 7
Let c = -4 + 3. Let j be c/3*(1 - -2). Let d(a) = 11*a**2. What are the prime factors of d(j)?
11
Let s(r) = 6*r**2 + 1. Let p be s(4). Suppose -23 = 5*i + p. Let k = 41 + i. List the prime factors of k.
17
Let k = 44 - -155. List the prime factors of k.
199
Suppose 0 = -x - 0*x + 3. Suppose 100 = -2*m + 7*m - x*p, -2*m - p = -51. List the prime factors of m.
23
Let v be (1 + (-2)/(-1))*5. Suppose -4*j + v = -3*j. List the prime factors of j.
3, 5
Suppose -6*y - 4*y + 1970 = 0. What are the prime factors of y?
197
Let z be 7*((0 - 1) + 0). Let j(f) = f**2 - f - 15. Let c(v) = 3*v**2 - 2*v - 44. Let q(y) = 6*c(y) - 17*j(y). What are the prime factors of q(z)?
5
Suppose -31*a + 33*a = 372. List the prime factors of a.
2, 3, 31
Let a be (-42)/(-11) + (-4)/(-22). Suppose 2*j + 0*t + 5*t = 38, -5*j = -a*t - 161. List the prime factors of j.
29
Suppose 0 = -7*j + 2*j. Suppose -2*c + 4 = j, -g + 0*g = 3*c - 24. List the prime factors of g.
2, 3
Suppose -c - 2 = -4*w + 7, -2*c = -w + 4. Let v = 4 + c. Suppose 0 = -5*f + p + 76, -33 = -2*f - v*p + 6*p. What are the prime factors of f?
3, 5
Let h(f) = f**2 - 9*f + 1. Let t(u) = -12*u + 3*u**2 + 3 - 16*u + 3 - 2. Let w(i) = -7*h(i) + 2*t(i). What are the prime factors of w(5)?
11
Let r(j) = -j**3 - 10*j**2 + 10*j - 6. Let f be r(-11). Suppose -f*s + 0*b = -4*b - 63, b = 2*s - 27. What are the prime factors of s?
3, 5
Let w = 1 - 1. Suppose v + w = 2*c - 6, 5*v = -5*c + 30. List the prime factors of v.
2
Let m = -44 - -244. What are the prime factors of m?
2, 5
Let y = 14 - 11. Suppose -2*l + l + 15 = 4*w, -3*w + 72 = y*l. List the prime factors of l.
3
Let t = -1 - 3. What are the prime factors of (54/t)/((-3)/4)?
2, 3
Let l = -7 - -7. Suppose 4*a + 7 - 3 = l. What are the prime factors of (1/(-3))/(a/12)?
2
Suppose 0 = g + 3, -6*z - 4*g = -3*z. Suppose 0 = 3*y - 13 + 1. Suppose -y*d = -2*x - 28, 3*d + 3*x = z - 1. What are the prime factors of d?
5
Let b(g) = -g**3 + 4*g**2 - 3*g - 4. Let u be b(3). Let r = u - -10. What are the prime factors of r?
2, 3
Suppose 0 = -2*s - 5*m + 20, 4*m - 5 - 13 = -2*s. Suppose -2*d + 10 = 0, -2*r + 70 = 3*r + s*d. List the prime factors of r.
3
Let u(n) = 7*n - 1. Let r be u(12). List the prime factors of (r + 3)/2 + -4.
3, 13
Suppose l = 5*l - 172. List the prime factors of l.
43
Let s = 95 + -30. List the prime factors of s.
5, 13
Let y(z) = z**2 + z + 21. Let o be y(0). Let f = 37 - o. What are the prime factors of f?
2
Suppose 4*x = 2*q - 22, 3*x - 2 + 16 = q. List the prime factors of q.
5
Let k(i) = 6*i**2 - 11*i - 10. List the prime factors of k(-5).
3, 5, 13
Let m(s) = s. Let d(j) = 5*j. Let q(u) = d(u) - 6*m(u). What are the prime factors of q(-3)?
3
Let l(w) = w**3 + 4*w**2 - 6*w + 2. Suppose -2*i - 10 = -0*i. What are the prime factors of l(i)?
7
Let k(g) = -g - 3. Let x be k(-5). Let q = 6 + x. What are the prime factors of q?
2
Let p be (-29)/3 + (-4)/12. Let m(k) = -10*k + 1 - 2*k**2 + k**2 + 4. What are the prime factors of m(p)?
5
Let q(h) = -2*h**2 + 3*h - 4*h**3 - h - 1 + 0*h**3 + h**2. What are the prime factors of q(-2)?
23
Suppose 0 = 4*a - 2*a - 64. What are the prime factors of a?
2
Suppose -2*g - 93 = -4*k + 53, 3*g - 131 = -4*k. Suppose 0 = 4*o - 20 - 8. List the prime factors of (-2)/o - (-80)/k.
2
Let g = 150 - 107. What are the prime factors of g?
43
Let t = 23 - 8. What are the prime factors of t?
3, 5
Let q = -2 - -4. What are the prime factors of (-34)/(-3) - q/6?
11
Let q(x) = -33*x**3 - x**2 + 1. List the prime factors of q(-1).
3, 11
Let t(c) = c**2 - 2*c. Suppose -9 = -2*v + 5*v. What are the prime factors of t(v)?
3, 5
Let u(a) = a**2 - 7*a + 9. Let s = -21 + 29. Suppose i - q + 2 = 2*q, -i - s = -5*q. List the prime factors of u(i).
3
Let a = 310 + -55. Suppose -a = -5*h + 2*z, 4*h + 3*z + 31 = 235. Let f = -35 + h. What are the prime factors of f?
2
Suppose -2*q + 5*w = -21, -4*q - 5*w = -q + 6. Suppose -2*l + 5*l = 5*n - 140, 0 = n + q*l - 10. List the prime factors of n.
5
Suppose 0 = -7*z + 3*z - 4. Let q = z + 11. Suppose q = 4*r - 14. List the prime factors of r.
2, 3
Let a(p) = p**3 - 7*p**2 + p - 2. Suppose -2*h - 5 = -21. Let c be a(h). What are the prime factors of 2/8 + c/8?
3
Suppose -22*m = -19*m - 195. List the prime factors of m.
5, 13
Let y = -3 - -5. Let k(x) = 13*x. What are the prime factors of k(y)?
2, 13
Let y(p) be the first derivative of p**4/4 - 5*p**3/3 - 9*p**2/2 + 7*p - 1. Let h be y(6). Let n = 21 + h. What are the prime factors of n?
2, 5
Suppose -5*i + 15 = 50. Let w(c) = 8*c**2. Let o be w(-1). What are the prime factors of ((-22)/o)/(i/28)?
11
List the prime factors of 7/((-14)/(-20)) + -1.
3
Suppose -9*i + 10 = -4*i. Let h = 1 + -1. List the prime factors of i + (-9)/(h + -3).
5
Let w(b) be the third derivative of -b**6/120 - 7*b**5/60 + b**4/4 - 5*b**3/3 - 2*b**2. List the prime factors of w(-8).
2, 3
Suppose -24 = -7*r + 3*r. Let q = r - 0. List the prime factors of q.
2, 3
Let r(s) = 6*s - 1. Suppose -5*m = 7 - 32. What are the prime factors of r(m)?
29
Let a(c) = -c + 2. List the prime factors of a(0).
2
List the prime factors of -11 + 8 - 9*-2.
3, 5
Let z be (-2)/(1/5*-2). Suppose z*i + 10 = 30. Suppose -y = -6*y + 5*o + 30, -2*y - i*o - 12 = 0. List the prime factors of y.
2
Suppose -45 + 936 = 3*t. What are the prime factors of t?
3, 11
Let u = 71 + 16. What are the prime factors of u?
3, 29
Let a(g) = -g**2 - 7*g. Let w be a(-5). Suppose -5 = 3*o + w. Let y = o - -15. List the prime factors of y.
2, 5
Let z(m) = 47*m - 6. What are the prime factors of z(6)?
2, 3, 23
Let d = -10 + 24. List the prime factors of d.
2, 7
Let b(l) = 37*l**2 + l - 2. Let p be b(2). Suppose -p = -4*u - 52. What are the prime factors of u?
2, 3
Let a(x) be the first derivative of 3*x**2/2 - 10*x - 3. Suppose 3*k - 7 = 2*k. What are the prime factors of a(k)?
11
Suppose 4*x + 2*g - g = -3, -x = g. What are the prime factors of 44 - (0 - -2 - x)?
41
Let q(l) = l**3 + 2*l - 4. What are the prime factors of q(3)?
29
Let t(p) = 9*p**2 + p + 1. Let u be t(-1). Let h = -8 + u. List the prime factors of 12 + h - (2 + 1).
2, 5
Let z = 197 + -130. What are the prime factors of z?
67
Let h(p) be the second derivative of -p**4/12 + p**3/6 + 52*p**2 - p. Let i be h(0). List the prime factors of i/12 - 2/(-6).
3
Suppose -j - 227 = -3*a + 3*j, -5*a + 361 = 2*j. List the prime factors of a.
73
Suppose h - 2 = -0*h. Suppose -37 = -3*b + 2*p + h*p, -5*b + 5*p + 70 = 0. List the prime factors of b.
19
Let m = 13 - -5. Let r = m - 13. List the prime factors of r.
5
Let d(b) = 5*b**2 - 4*b - 10. Let r(w) = -11*w**2 + 9*w + 20. Let y(x) = -9*d(x) - 4*r(x). List the prime factors of y(0).
2, 5
Suppose 5*g = -4*y + 1095, -5*g - 2*y = -718 - 387. What are the prime factors of g?
223
Let r = -127 + 366. List the prime factors of r.
239
Suppose 8*d = 3*d + 10. Let s be 348/72 + 2/12. Suppos